{"id":7,"date":"2021-06-21T19:10:33","date_gmt":"2021-06-21T19:10:33","guid":{"rendered":"https:\/\/user2.dmkproject.pl\/wordpress6\/?page_id=7"},"modified":"2021-06-21T19:10:33","modified_gmt":"2021-06-21T19:10:33","slug":"kontakt","status":"publish","type":"page","link":"https:\/\/user2.dmkproject.pl\/wordpress6\/index.php\/kontakt\/","title":{"rendered":"Kontakt"},"content":{"rendered":"\n<p>Strona z podstawowymi informacjami kontaktowymi, takimi jak adres, numer telefonu. Mo\u017cna tak\u017ce spr\u00f3bowa\u0107 wtyczki, za pomoc\u0105 kt\u00f3rej dodamy formularz kontaktowy.<\/p>\n","protected":false},"excerpt":{"rendered":"<p>Strona z podstawowymi informacjami kontaktowymi, takimi jak adres, numer telefonu. Mo\u017cna tak\u017ce spr\u00f3bowa\u0107 wtyczki, za pomoc\u0105 kt\u00f3rej dodamy formularz kontaktowy.<\/p>\n","protected":false},"author":1,"featured_media":0,"parent":0,"menu_order":0,"comment_status":"closed","ping_status":"closed","template":"","meta":{"footnotes":""},"class_list":["post-7","page","type-page","status-publish","hentry","entry"],"_links":{"self":[{"href":"https:\/\/user2.dmkproject.pl\/wordpress6\/index.php\/wp-json\/wp\/v2\/pages\/7","targetHints":{"allow":["GET"]}}],"collection":[{"href":"https:\/\/user2.dmkproject.pl\/wordpress6\/index.php\/wp-json\/wp\/v2\/pages"}],"about":[{"href":"https:\/\/user2.dmkproject.pl\/wordpress6\/index.php\/wp-json\/wp\/v2\/types\/page"}],"author":[{"embeddable":true,"href":"https:\/\/user2.dmkproject.pl\/wordpress6\/index.php\/wp-json\/wp\/v2\/users\/1"}],"replies":[{"embeddable":true,"href":"https:\/\/user2.dmkproject.pl\/wordpress6\/index.php\/wp-json\/wp\/v2\/comments?post=7"}],"version-history":[{"count":1,"href":"https:\/\/user2.dmkproject.pl\/wordpress6\/index.php\/wp-json\/wp\/v2\/pages\/7\/revisions"}],"predecessor-version":[{"id":12,"href":"https:\/\/user2.dmkproject.pl\/wordpress6\/index.php\/wp-json\/wp\/v2\/pages\/7\/revisions\/12"}],"wp:attachment":[{"href":"https:\/\/user2.dmkproject.pl\/wordpress6\/index.php\/wp-json\/wp\/v2\/media?parent=7"}],"curies":[{"name":"wp","href":"https:\/\/api.w.org\/{rel}","templated":true}]}}